{"id":2,"date":"2024-08-28T17:13:29","date_gmt":"2024-08-28T15:13:29","guid":{"rendered":"http:\/\/loracier.com\/?page_id=2"},"modified":"2025-06-02T17:37:45","modified_gmt":"2025-06-02T15:37:45","slug":"page-d-exemple","status":"publish","type":"page","link":"https:\/\/loracier.com\/index.php\/page-d-exemple\/","title":{"rendered":"Mentions l\u00e9gales"},"content":{"rendered":"\n<p>Conform\u00e9ment aux dispositions de la loi n\u00b0 2004-575 du 21 juin 2004 pour la confiance en l\u2019\u00e9conomie num\u00e9rique, il est pr\u00e9cis\u00e9 aux utilisateurs du site Loracier.com l\u2019identit\u00e9 des diff\u00e9rents intervenants dans le cadre de sa r\u00e9alisation et de son suivi.<\/p>\n\n\n\n<p><strong>Edition du site<\/strong><\/p>\n\n\n\n<p>Le site Loracier.com est \u00e9dit\u00e9 par la soci\u00e9t\u00e9 Luxtoles, SARL au capital de 12 000 euros, dont le si\u00e8ge social est situ\u00e9 6 rue du Brill, L-4041 ESCH-SUR-ALZETTE LUXEMBOURG, immatricul\u00e9e au Registre du Commerce et des Soci\u00e9t\u00e9s de Luxembourg sous le num\u00e9ro B266312 et dont le num\u00e9ro TVA est LU33886946 ou FR24814428785.<\/p>\n\n\n\n<p><strong>Responsable de publication<\/strong><\/p>\n\n\n\n<p>Luxtoles<\/p>\n\n\n\n<p><strong>Nous contacter<\/strong><\/p>\n\n\n\n<ul class=\"wp-block-list\">\n<li>Par email :&nbsp;contact@loracier.com<\/li>\n\n\n\n<li>Par t\u00e9l\u00e9phone\u00a0: +33 (0)3 82 20 10 51<\/li>\n<\/ul>\n\n\n\n<p><strong>H\u00e9bergeur<\/strong><\/p>\n\n\n\n<p>Le site&nbsp;est h\u00e9berg\u00e9 par la soci\u00e9t\u00e9 OVH<\/p>\n\n\n\n<p><\/p>\n","protected":false},"excerpt":{"rendered":"<p>Conform\u00e9ment aux dispositions de la loi n\u00b0 2004-575 du 21 juin 2004 pour la confiance en l\u2019\u00e9conomie num\u00e9rique, il est pr\u00e9cis\u00e9 aux utilisateurs du site Loracier.com l\u2019identit\u00e9 des diff\u00e9rents intervenants dans le cadre de sa r\u00e9alisation et de son suivi. Edition du site Le site Loracier.com est \u00e9dit\u00e9 par la soci\u00e9t\u00e9 Luxtoles, SARL au capital &hellip; <\/p>\n<p class=\"link-more\"><a href=\"https:\/\/loracier.com\/index.php\/page-d-exemple\/\" class=\"more-link\">Lire la suite de<span class=\"screen-reader-text\">\u00ab\u00a0Mentions l\u00e9gales\u00a0\u00bb<\/span><\/a><\/p>\n","protected":false},"author":1,"featured_media":0,"parent":0,"menu_order":0,"comment_status":"closed","ping_status":"open","template":"","meta":{"_kadence_starter_templates_imported_post":false,"footnotes":""},"class_list":["post-2","page","type-page","status-publish","hentry"],"jetpack_sharing_enabled":true,"_links":{"self":[{"href":"https:\/\/loracier.com\/index.php\/wp-json\/wp\/v2\/pages\/2","targetHints":{"allow":["GET"]}}],"collection":[{"href":"https:\/\/loracier.com\/index.php\/wp-json\/wp\/v2\/pages"}],"about":[{"href":"https:\/\/loracier.com\/index.php\/wp-json\/wp\/v2\/types\/page"}],"author":[{"embeddable":true,"href":"https:\/\/loracier.com\/index.php\/wp-json\/wp\/v2\/users\/1"}],"replies":[{"embeddable":true,"href":"https:\/\/loracier.com\/index.php\/wp-json\/wp\/v2\/comments?post=2"}],"version-history":[{"count":4,"href":"https:\/\/loracier.com\/index.php\/wp-json\/wp\/v2\/pages\/2\/revisions"}],"predecessor-version":[{"id":335,"href":"https:\/\/loracier.com\/index.php\/wp-json\/wp\/v2\/pages\/2\/revisions\/335"}],"wp:attachment":[{"href":"https:\/\/loracier.com\/index.php\/wp-json\/wp\/v2\/media?parent=2"}],"curies":[{"name":"wp","href":"https:\/\/api.w.org\/{rel}","templated":true}]}}